. Suppose 7*y - 4*y = 12. Calculate the highest common divisor of i and y.
4
Suppose v + v - 4*q - 26 = 0, 55 = 5*v - 5*q. Let j = -28 + 31. Calculate the highest common factor of v and j.
3
Let l(w) = w. Let q be l(-4). Let d = q + 11. Suppose -2*n - 6 = 0, -3*n = u - 1 + d. Calculate the greatest common factor of 3 and u.
3
Let d = -146 + 136. Let r = 32 + -9. Let t = d + r. Calculate the highest common factor of t and 143.
13
Let z be (-170)/51*3/(-2). Suppose 0*n + d + 60 = n, 350 = 5*n + z*d. What is the highest common factor of n and 26?
13
Let t(y) = 2*y + 29. Let s(u) = -4*u**2 + 3*u - 2. Let h be s(2). Let q be t(h). What is the highest common factor of q and 1?
1
Suppose 102 = 2*i - 2*m, 3*m = 5*i + 2*m - 243. What is the highest common divisor of 12 and i?
12
Suppose 7 = -2*j - 5*f, -5*f + 3 = -4*j + 4. Let l be (-1)/(j + 0) - -1. Calculate the highest common factor of 2 and l.
2
Let x(j) = -7 - 2*j + j**2 - 1 + 4. Let h be x(6). Suppose 4*g + 0 = 20. What is the greatest common factor of g and h?
5
Let g(n) = n + 40. Let z be g(0). Let f = -42 - -46. Calculate the highest common divisor of f and z.
4
Let v = 1 - -1. Let n(c) = -21*c + c**2 + 13*c + 8*c - 2. Let f be n(2). What is the greatest common divisor of v and f?
2
Let l = 25 - 7. Calculate the greatest common factor of l and 72.
18
Let a = 82 + -34. Let n be (-3)/2*(-160)/a. Let l = 93 + -53. Calculate the highest common factor of l and n.
5
Let c(r) be the second derivative of -r**3 - r**2 - r. Suppose 2*f - f + 2 = 0. Let s be c(f). Calculate the highest common factor of 10 and s.
10
Let n be 34/4 - 6/12. What is the greatest common divisor of n and 88?
8
Suppose 102 = 4*p - 3*p - 5*d, 0 = 2*p + d - 237. What is the greatest common divisor of p and 13?
13
Let k = 0 + 14. What is the highest common divisor of k and 112?
14
Let v = -4 + 8. Suppose o - q - 128 = -o, 4*o + v*q - 280 = 0. Suppose f = -f + 8, o = 3*m + 3*f. What is the greatest common factor of m and 6?
6
Suppose 0 = y - 4, 3*u + 2*y - 520 = 7*y. Let b = 4 - 0. Suppose 0 = -b*k - 0*k + u. Calculate the greatest common divisor of 9 and k.
9
Let v(q) = -q**2 - 2*q + 6. Let r be v(-3). Calculate the greatest common factor of 3 and r.
3
Suppose 3*u + 5*c - 130 = 0, 2 = -c - 2. Calculate the greatest common factor of u and 75.
25
Suppose -2*s + 70 = 10. Calculate the greatest common factor of 120 and s.
30
Let p = -74 - -86. What is the greatest common factor of 60 and p?
12
Suppose -45 + 1515 = 5*n. Calculate the greatest common divisor of n and 42.
42
Let g be (-1264)/(-14) + 8/(-28). Calculate the highest common divisor of 15 and g.
15
Suppose -27 = y - 4*y - 3*f, 4*y + f - 21 = 0. Calculate the highest common factor of y and 3.
1
Let q(s) = s + 6. Let y be q(5). Let v = y - 9. What is the greatest common divisor of 10 and v?
2
Suppose 4*w - 11 = 13. Suppose 2*o = w*o - 40. Let v be (4/o)/((-1)/(-25)). Calculate the greatest common divisor of 80 and v.
10
Suppose y + 30 = 2*y. Let s = -12 + 22. What is the greatest common factor of y and s?
10
Suppose 0 = -2*y + 5*a + 400, -2*y + 384 = -0*y - a. Calculate the highest common divisor of 10 and y.
10
Suppose -4*v + a + 136 = 5*a, -5*a = -5*v + 140. Calculate the greatest common divisor of 155 and v.
31
Let j(q) = -q**3 - q**2 + 2*q + 1. Let i be j(-2). Let t be i*((-4 - 0) + 2). Let w be (-5)/(-2 + (t - -3)). What is the highest common factor of 35 and w?
5
Let r = -5 + 39. What is the greatest common divisor of 272 and r?
34
Suppose -s = -25 - 2. Let i be 6/(-8) + s/4. What is the greatest common divisor of i and 66?
6
Suppose l + l = 3*g + 534, -3*l + 3*g = -798. Let u be l/15 - (-4)/10. Calculate the greatest common divisor of 18 and u.
18
Let k be (0/1 - -2) + 53. Let a = 12 - 7. Calculate the highest common divisor of a and k.
5
Let s be 68/12 + 6/9*-1. What is the highest common factor of s and 20?
5
Suppose o - 860 = -4*j, 0*j - 1100 = -5*j + 5*o. Suppose 3*n - 2*n - 24 = 0. Calculate the highest common factor of n and j.
24
Suppose -34*u = -29*u - 475. What is the highest common divisor of u and 19?
19
Let x = 37 + -17. Calculate the highest common factor of 4 and x.
4
Suppose 3*d - 4*t = 2, -2*d + 9 = 3*t + 2. Suppose 3*p - 34 = d*p. Suppose -2*v + p + 4 = 0. Calculate the highest common divisor of 171 and v.
19
Suppose 2*z + 4 = 4*z. What is the greatest common divisor of 14 and z?
2
Suppose -3*z = z - 8. Let p(j) = z + 7*j**2 + j**3 + 3*j + j - j. Let i be p(-6). What is the greatest common factor of i and 5?
5
Let g = -9 + 12. Suppose 0 = 8*o - g*o - 70. Calculate the highest common factor of 21 and o.
7
Suppose 2*c + 20 - 64 = 0. What is the greatest common factor of 88 and c?
22
Suppose 2*g = 2*l + 112, 4*l = g - 51 - 182. Let q = 103 + l. Calculate the greatest common divisor of 4 and q.
4
Let n be (-801)/(-12) - 2/(8/3). Let z = -4 + 10. What is the greatest common factor of n and z?
6
Let w(b) = b**2 + 3*b - 8. Let z be (-12)/8*8/(-3). Let l be w(z). Let h be 964/6 + (-4)/6. What is the greatest common divisor of h and l?
20
Let g be -1*((1 - 0) + -8). What is the greatest common divisor of g and 35?
7
Suppose -160*u + 159*u + 1 = 0. Suppose 2*h - h = 9. Calculate the highest common divisor of h and u.
1
Let l(c) = 2*c**2 - 8*c + 16. Let r be l(6). Calculate the highest common divisor of 60 and r.
20
Let v be 75 - (0 - 4 - -7). Calculate the highest common factor of 9 and v.
9
Let c be (1/(-3))/(4/(-48)). Suppose -2 = -c*u + 6. Suppose -v + 2 = -u. What is the greatest common divisor of v and 20?
4
Let o be 18/15*80/(-3). Let w = o + 50. Calculate the highest common factor of w and 72.
18
Let n be (20/7)/(10/175). Let c = 1 + 19. What is the greatest common divisor of n and c?
10
Let z = -7 + 9. Let h be z*1/3*3. Suppose h*o = 1 + 95. What is the greatest common divisor of o and 16?
16
Let q(x) = 4*x - 3*x + 8 + 0*x. Let p be q(-8). Suppose -5*c - 5*k - 15 = -p*c, -2*c = -5*k - 22. What is the greatest common divisor of c and 4?
1
Suppose -2*m - m = d - 106, 5*m + 3*d = 174. Calculate the greatest common factor of 108 and m.
36
Let u(w) = -3*w**3 - w**2 - 8*w - 8. Let l be u(-3). Let n be -1*(-1)/2*22. Calculate the highest common divisor of n and l.
11
Let h = 227 - 108. Suppose 0 = 2*i + 12 + 46. Let u = i - -46. Calculate the greatest common divisor of u and h.
17
Suppose 0 = -3*r + 132 + 219. Suppose -23 = -2*v + r. Suppose -2*i = i - 30. What is the greatest common factor of v and i?
10
Suppose 0 = 4*w - 2*w - 72. Suppose -t - w = -3*t. Let q be 54/2*(1 - -1). What is the highest common factor of q and t?
18
Let o(t) = -t**2 + 6*t - 6. Let j be o(4). Suppose 0*v = -2*v - 118. Let m = -41 - v. Calculate the highest common divisor of j and m.
2
Let m(d) = -d**3 + 4*d**2 - 4*d + 2. Let y be m(2). Suppose y*n = 7 + 5. Calculate the highest common divisor of n and 3.
3
Suppose -z - 2*f = -f - 27, z - 15 = 5*f. What is the highest common factor of 10 and z?
5
Suppose 0*j - 5*j = -15. Suppose -12 = -3*y, -j*a = 5*y - 146 - 171. Calculate the greatest common factor of 11 and a.
11
Suppose 2*z - 278 = -5*g, 5*z - 249 = -3*g - 86. What is the highest common divisor of g and 7?
7
Let j = 36 + -22. Let m be (-14)/(-49) - 1195/(-7). Let k = 297 - m. Calculate the greatest common factor of j and k.
14
Suppose -4*x + 55 = 11. Let o = 127 + -94. Calculate the greatest common divisor of o and x.
11
Suppose -12*w + 288 = -8*w. Calculate the greatest common divisor of w and 180.
36
Suppose 0 = -16*q + 15*q + 13. What is the highest common divisor of q and 91?
13
Let o = 45 + -27. What is the highest common factor of 12 and o?
6
Suppose -3*t = -s + 39, -4*s = -2*s - 5*t - 73. Suppose -2*b = -5*b + 2*i + 26, 3*i = -b + 27. Calculate the highest common divisor of s and b.
12
Let n be ((-10)/4)/((-35)/252). Let m = -222 + 475. Let z = m - 55. What is the highest common factor of z and n?
18
Let w(t) = -t + 12. Let s be w(5). Suppose -2 + 3 = 4*x - y, -2*x = y + s. Let a be ((-3)/x)/((-2)/(-6)). What is the highest common factor of 45 and a?
9
Let j(l) = -l**2 - 5*l + 3. Let h be j(-5). Suppose h*o = i + 2*i + 18, 3*o - 20 = i. What is the greatest common divisor of o and 28?
7
Suppose -2*c + 2 = -c. Let x(u) = -6 - 3*u + 0*u + 5*u - u. Let i be x(9). Calculate th